st common factor of 9050946 and 28706?
62
Calculate the highest common factor of 2070 and 202229340.
690
Calculate the highest common factor of 14 and 86004303.
7
Calculate the greatest common divisor of 30320 and 50049982.
758
What is the highest common factor of 2594316 and 3936?
492
What is the greatest common factor of 2811336 and 9723?
1389
Calculate the greatest common divisor of 6625076 and 150686.
2554
Calculate the highest common divisor of 384 and 6427472.
16
Calculate the highest common factor of 3133 and 11883313.
13
What is the highest common factor of 65773 and 471223?
901
Calculate the highest common factor of 9095 and 2178520.
535
Calculate the greatest common divisor of 588869 and 667.
23
What is the greatest common divisor of 79424 and 1280576?
1088
What is the highest common factor of 10034010 and 810?
270
What is the greatest common factor of 6060 and 69767265?
1515
What is the greatest common divisor of 270198 and 51714?
306
Calculate the highest common divisor of 399 and 6947521.
133
Calculate the greatest common divisor of 517 and 9652852.
11
What is the highest common factor of 37310 and 911840?
410
Calculate the greatest common factor of 41954 and 12170474.
3814
Calculate the greatest common divisor of 3222693 and 207.
9
What is the greatest common factor of 410 and 833451280?
410
Calculate the greatest common divisor of 350 and 3413950.
50
Calculate the greatest common factor of 66 and 127479.
33
Calculate the highest common divisor of 22347425 and 200.
25
Calculate the highest common divisor of 3736245 and 15.
15
Calculate the highest common factor of 213501063 and 1591.
1591
Calculate the greatest common factor of 17317360 and 19760.
1520
Calculate the highest common divisor of 17233 and 1704253.
907
What is the greatest common factor of 60 and 14717310?
30
Calculate the highest common divisor of 6397647 and 438.
219
Calculate the greatest common divisor of 976 and 1547835472.
976
Calculate the highest common factor of 269854776 and 12.
12
Calculate the greatest common divisor of 74594337 and 6.
3
What is the highest common factor of 391 and 126397907?
17
Calculate the highest common factor of 267034 and 27639848.
3658
What is the highest common factor of 263552 and 68032?
64
What is the highest common divisor of 1297236 and 1884?
12
Calculate the greatest common factor of 47756228 and 52.
52
Calculate the highest common factor of 410 and 31338186.
82
What is the greatest common factor of 2855 and 191504835?
2855
What is the highest common divisor of 464085700 and 1300?
1300
Calculate the highest common factor of 9281390 and 4.
2
What is the greatest common factor of 585 and 1222?
13
What is the highest common factor of 214081 and 80801?
833
What is the greatest common factor of 25 and 119183425?
25
Calculate the greatest common divisor of 3626397 and 13149.
27
What is the greatest common factor of 781 and 15265142?
71
What is the highest common divisor of 29678 and 2907095?
1349
Calculate the greatest common divisor of 336917380 and 3580.
3580
What is the highest common factor of 1000494 and 1422?
18
Calculate the greatest common factor of 13612478 and 561.
187
What is the highest common divisor of 3951867 and 806265?
2337
What is the greatest common divisor of 3175 and 719113370?
635
Calculate the highest common divisor of 734778 and 66726.
198
Calculate the greatest common factor of 108559 and 99.
11
Calculate the highest common factor of 11663 and 4477393.
109
Calculate the highest common divisor of 1144 and 4554407.
143
Calculate the greatest common factor of 1691 and 2200395149.
1691
Calculate the highest common divisor of 5119440 and 512.
16
What is the highest common divisor of 2549658 and 8283?
753
Calculate the greatest common factor of 40786765 and 74.
37
Calculate the greatest common divisor of 42079 and 75255.
29
Calculate the greatest common divisor of 332048 and 104.
8
Calculate the highest common divisor of 115868492 and 17142.
5714
What is the highest common divisor of 2442 and 2560437?
1221
Calculate the greatest common factor of 4755 and 4258895.
1585
Calculate the highest common factor of 20874 and 47096.
14
What is the greatest common factor of 1657968 and 30992?
208
Calculate the highest common divisor of 122226 and 4316.
26
What is the greatest common divisor of 16957 and 106826?
31
What is the highest common divisor of 205909 and 913?
11
Calculate the highest common factor of 199020 and 6665.
155
Calculate the highest common divisor of 116 and 57348196.
116
Calculate the greatest common divisor of 195409 and 31949.
743
Calculate the greatest common factor of 194842 and 64528.
74
What is the greatest common factor of 108250800 and 2630?
2630
Calculate the greatest common divisor of 18342105 and 215130.
1515
What is the greatest common factor of 912 and 172385328?
912
Calculate the greatest common factor of 5214721 and 285.
19
Calculate the highest common factor of 5131712 and 181.
181
Calculate the highest common divisor of 27949 and 842213.
19
Calculate the greatest common factor of 1596 and 128001404.
76
What is the highest common factor of 1507 and 90047771?
1507
What is the highest common factor of 72 and 11855223?
9
Calculate the highest common factor of 12611443 and 65.
13
What is the highest common factor of 11583 and 2598102?
351
Calculate the greatest common divisor of 55800 and 40440120.
3720
Calculate the greatest common factor of 16 and 3236180.
4
What is the greatest common divisor of 140955 and 1680?
15
Calculate the highest common factor of 143 and 29103932.
143
Calculate the highest common divisor of 112534936 and 34784.
8696
Calculate the highest common factor of 23449 and 59212.
131
Calculate the greatest common factor of 558383297 and 79.
79
Calculate the highest common factor of 3160 and 113623330.
790
Calculate the highest common divisor of 1344026 and 7472.
934
Calculate the greatest common factor of 2983772757 and 7707.
7707
Calculate the highest common divisor of 1753754 and 782.
34
What is the highest common divisor of 8258941 and 1135?
227
What is the highest common factor of 6758 and 2254774?
218
Calculate the greatest common divisor of 16027147 and 159.
53
What is the highest common factor of 390456 and 252824?
1496
What is the highest common divisor of 24728176 and 5232?
1744
What is the greatest common factor of 16467712 and 4096?
256
What is the highest common factor of 214464573 and 13149?
4383
Calculate the highest common factor of 235715626 and 97.
97
Calculate the greatest common divisor of 11310 and 681330.
390
Calculate the greatest common divisor of 577656 and 8362.
226
Calculate the greatest common divisor of 110 and 509310285.
55
Calculate the highest common divisor of 161167020 and 80.
20
What is the highest common factor of 15602 and 164?
2
Calculate the highest common divisor of 116749632 and 352.
32
What is the greatest common divisor of 302521774 and 106?
106
What is the greatest common divisor of 1645 and 54660295?
235
What is the highest common factor of 12475 and 6425?
25
What is the greatest common factor of 6 and 67031358?
6
What is the greatest common divisor of 362758 and 34122?
242
What is the greatest common divisor of 270398918 and 4886?
698
What is the greatest common factor of 8831254 and 125947?
1247
What is the highest common factor of 125897188 and 8408?
4204
Calculate the highest common factor of 71997 and 38625.
309
What is the highest common factor of 4482 and 83532?
6
What is the highest common divisor of 8426 and 1126?
2
What is the greatest common divisor of 1976277 and 14325?
573
What is the greatest common factor of 195 and 43057365?
195
What is the greatest common factor of 3952707 and 847?
121
What is the highest common divisor of 622618 and 16130?
3226
What is the greatest common divisor of 130 and 83018455?
65
Calculate the highest common factor of 186 and 257192678.
62
Calculate the greatest common factor of 3773 and 8383991.
77
What is the greatest common factor of 19504416 and 917352?
3288
Calculate the highest common factor of 4354220585 and 7249.
7249
Calculate the greatest common divisor of 1874 and 3880205078.
1874
What is the greatest common factor of 115571502 and 189?
27
What is the greatest common divisor o